 Let n(r) = 52 + 4*r + 15 - 6 + 18. What is the remainder when n(-11) is divided by t?
17
Let f(w) = w**2 - w + 181. Let c(k) = 36*k**3 + k**2 + k - 1. What is the remainder when f(0) is divided by c(1)?
33
Let n(f) = -f**3 + 7*f**2 + 5. Let z be n(7). Let k(x) = 9*x - 38. Let g be k(z). Suppose -6*m = -g*m + 27. Calculate the remainder when 97 is divided by m.
16
Suppose -4*j + 3*d + 4 = -0*j, 8 = 2*d. Suppose 0 = -0*z - j*z + 24. Calculate the remainder when ((-129)/z)/(2/(-4)) is divided by 23.
20
Suppose 4*p = -119 + 143. What is the remainder when 71 is divided by 10/20 - (-21)/p?
3
Suppose 21 = 3*p - 3*g - 0, 3*g + 15 = p. Suppose -p*j + 42 = 30. Let l(r) = r**2 + 2. Calculate the remainder when l(-2) is divided by j.
2
Suppose j + 3*j - 12 = 0. Let o(h) = 4*h + 3. Suppose -27 = 3*k - 33, 5*v - 429 = 3*k. Calculate the remainder when v is divided by o(j).
12
Let p(z) = 2*z**3 - 2*z**2 + z + 3. Let b be p(2). Suppose b = -5*o + 6*o. Suppose -46 = -3*k + 95. Calculate the remainder when k is divided by o.
8
Suppose -23*c + 21*c - t + 148 = 0, c - 96 = -6*t. Calculate the remainder when 9934 is divided by c.
70
Suppose 3*b - 38 = b. Suppose b*i + 92 = 23*i. What is the remainder when i is divided by 4?
3
Let z = -61 - -61. Suppose 0 = -7*t - z*t + 105. What is the remainder when 59 is divided by t?
14
Suppose 5*m = -2*h - 3*h - 900, h + 3 = 0. Let r = -128 - m. What is the remainder when r is divided by 22?
5
Let h(m) = -2*m + 11. Let y be h(5). Let j be (y + (-20)/12)*-27. Let p = 27 - j. Calculate the remainder when 35 is divided by p.
8
Let w = 456 - 453. Let d = -71 + 111. What is the remainder when w + 4 + 280/4 is divided by d?
37
Let a(i) = -21*i**3 - 149*i**2 - 22*i - 11. Calculate the remainder when 162 is divided by a(-7).
27
Let y(v) be the second derivative of v**4/12 - 13*v**3/6 - 27*v**2/2 + 4*v. Let a be y(15). What is the remainder when 177/9*a/1 is divided by 15?
14
Let t = -505 - -514. Let j = 0 - -2. Suppose j*i - i = 6. What is the remainder when t is divided by i?
3
Suppose -1196 - 1914 = -169*b + 777. Calculate the remainder when 247 is divided by b.
17
Let w = 3019 - 863. Calculate the remainder when w is divided by 36.
32
Suppose 3*f + 548 = -2*g, 6 = -19*g + 22*g. Let r = f + 305. Calculate the remainder when r is divided by 3.
1
What is the remainder when (-376093)/(-287) - -2*9/(-42) is divided by 93?
8
Let q = -107 - -62. Let b be 2/(-9) - 2350/q. Let m = -25 + b. Calculate the remainder when 77 is divided by m.
23
What is the remainder when (3534/(-6) - 11/1)*(-32)/10 is divided by 25?
20
Let s(q) = q**2 - 5*q - 10. Let z be s(5). Calculate the remainder when 23 is divided by 4/(-10) + (-104)/z.
3
Let s(t) = 6*t**3 + 30*t**2 - 11*t - 22. Calculate the remainder when s(-2) is divided by 15.
12
Calculate the remainder when 760 + ((-889)/35 - -23)/((-3)/5) is divided by 215.
119
Let v = 642 - 486. Suppose 4*w - 5 = 3, 0 = 3*o - w - 58. Calculate the remainder when v is divided by o.
16
Let b be 1458/10 + (-2)/(-15)*-6. Suppose -3*s + n = -218, b = 2*s + 3*n - 4*n. Calculate the remainder when s is divided by 15.
13
Let h(o) = 8*o**2 + 408*o + 571. Let j(s) = -7*s - 1. Let f be j(-1). Suppose 0 = -u + 29 + f. What is the remainder when h(-50) is divided by u?
31
What is the remainder when 280 is divided by (-4)/(242/(-48) - (-1 + -4))?
88
Suppose -21*q = -19*q - 6120. Suppose q = -88*m + 106*m. Calculate the remainder when m is divided by 56.
2
Let g(p) = 4*p**3 - 24*p**2 - 7. Let f be g(6). Calculate the remainder when 142 is divided by 1416/56 - 7 - (-2)/f.
16
Let s = -1616 - -1651. Calculate the remainder when 101 is divided by s.
31
Let k(f) = 119*f**2 + 4*f + 6. Calculate the remainder when 605 is divided by k(1).
89
Calculate the remainder when 906 - ((-22)/1)/(-22) is divided by 36.
5
Suppose 0 = 13*d - 10*d, -5*s - 5*d + 185 = 0. Suppose -460 - 261 = -7*m. Calculate the remainder when m is divided by s.
29
Let c(n) = 103*n + 73*n**2 - 3 - 99*n + 6. Calculate the remainder when 431 is divided by c(-1).
71
Suppose 3*h + p = 108, 6*p = 3*h + 4*p - 99. Calculate the remainder when 1614 is divided by h.
4
Let n be 4*(86226/24)/7. Suppose n = 10*s - 87. Calculate the remainder when s is divided by 36.
34
Let d(u) = 15*u + 305. What is the remainder when 2684 is divided by d(-4)?
234
Let p(m) = -m**3 + 4*m**2 - 2*m - 4. Let z be p(3). Calculate the remainder when (3 + -1)*18 + (2 - 4) is divided by -1 + (-15)/(2/(-4) + z).
7
Let u(g) = -6*g**2 - 46*g + 2. Let l = 124 + -129. What is the remainder when u(l) is divided by 14?
12
What is the remainder when (-1)/(-2) + 38077/202 is divided by 31?
3
Suppose -2*u - 1198 = -3*s, -4*u = -s - 0*u + 416. Suppose -106*k - s = -108*k. Calculate the remainder when k is divided by 67.
64
Suppose 3*q = 3*f + 30, -4*q + 50 = 3*f - 25. Let s = 1395 - 747. Suppose -3*p = 6*p - s. What is the remainder when p is divided by q?
12
Let f(j) = 14*j + 6. Let i be f(-7). Let t = -31 - i. Suppose -12*k + 13*k - t = 0. Calculate the remainder when k is divided by 16.
13
Suppose 11*f + 22*f - 495 = 0. Calculate the remainder when 22 is divided by (22/16)/(f/120).
0
Let t = 89 + -47. Suppose 2*l + l + 15 = -4*b, 5*b = 3*l + t. What is the remainder when 3*2/l - (-60)/9 is divided by 4?
2
Suppose 5*c = 4*v + 84 + 108, -194 = -5*c + 3*v. Calculate the remainder when c is divided by 26.
14
Let i(z) = -z + 2. Let g be i(4). Calculate the remainder when (g/(-5))/(2/965 + 0) is divided by 39.
37
Suppose b = -2*a - 4*b + 388, 4*a - 5*b - 746 = 0. Let g = a - 139. What is the remainder when 198 is divided by g?
48
Suppose 0 = 2*b - 58 + 12. Let w(y) = -2*y**2 - 19*y - 10. Suppose 9 = -3*l - 15. What is the remainder when b is divided by w(l)?
9
Suppose 8028 = 79*z - 9116 - 3712. Calculate the remainder when z is divided by 153.
111
Let b(g) = 7*g**3 + 5*g + 5. Let l be b(-2). Let r = l + 141. What is the remainder when r is divided by 17?
12
Let n = -562 + 324. Let d = n + 354. What is the remainder when d is divided by (68/6)/((-140)/(-210))?
14
Let h(k) = -k**2 + 7*k + 6. Let q be h(8). Let w(c) = -2*c + 21. Let x be w(q). Calculate the remainder when 22 is divided by (-5)/x*12*10/(-4).
4
Let l(x) = -12*x - 233. Suppose 4*m + 84 = -2*q, 4*q = 2*m + 12 + 20. What is the remainder when 21 is divided by l(m)?
0
Suppose 17973 = 5*a - 2*m, -7194 = 5462*a - 5464*a + 2*m. What is the remainder when a is divided by 50?
43
Suppose 30 = 2*t - 0*t. Let z be (-162)/((4/((-20)/(-15)))/(-8)). Suppose 306*g - z = 300*g. What is the remainder when g is divided by t?
12
Let x = 25 - 6. Suppose 0 = 4*a - 12. Suppose -142 = -a*n - 4*v, 3*n - 2*v - 2*v - 158 = 0. Calculate the remainder when n is divided by x.
12
Suppose -7*t = -3 + 129. What is the remainder when 21 is divided by (t/12)/(9/(-12))?
1
Let n(w) = -12*w**2 + 21*w - 17. Let c be n(-8). Let x = 1018 + c. What is the remainder when 185 is divided by x?
55
Suppose 4*g = -2*t + 2060, 5*t = 4*g - 508 - 1538. Calculate the remainder when g is divided by 260.
254
Let p = -26059 + 26426. Calculate the remainder when p is divided by 13.
3
Let q = 34 + -9. Suppose 4*a + 3*b = 80, -3*a = -4*a - 2*b + q. Let g = -157 + 188. What is the remainder when g is divided by a?
14
Suppose 4500 = 3*i + 3*r, -4*i + 5988 = -44*r + 42*r. What is the remainder when i is divided by 100?
98
Let t = 4 + 7. Suppose -449*j = -452*j - 2*o + 347, -4*j + 4*o = -376. What is the remainder when j is divided by t?
8
What is the remainder when ((-246)/4)/((-174)/(-48) + -4) is divided by 11?
10
Suppose -5*c = -6*c + 4*q + 145, 546 = 4*c + q. Let t be (-978)/10 + (-9)/45. Let l = c + t. What is the remainder when l is divided by 10?
9
Let t be 29 + 0 + -2 + 3. Suppose t*w - 7*w = 575. What is the remainder when 399 is divided by w?
24
Let o(i) = 6*i**2 + 791*i + 3985. What is the remainder when o(-5) is divided by 92?
88
Let c(l) = 96*l**2 + 7*l - 3. Suppose 0 = -5*m + 5, 4*i + 5*m - 5 = 8. Calculate the remainder when c(i) is divided by 18.
17
Suppose -42 = -10*m + 8. Suppose 5*x - 73 = -z + 9, m*x - 88 = z. What is the remainder when 84 is divided by x?
16
Let k be 42/(-112) - 1227/(-8). Suppose -5*x = 312 + k. Let g = -81 - x. Calculate the remainder when g is divided by 8.
4
Let u(r) =